{"id":30482,"date":"2023-10-31T14:22:43","date_gmt":"2023-10-31T17:22:43","guid":{"rendered":"https:\/\/semead.com.br\/29-novo\/?page_id=30482"},"modified":"2023-10-31T14:26:35","modified_gmt":"2023-10-31T17:26:35","slug":"business-speakers-confirmados","status":"publish","type":"page","link":"https:\/\/semead.com.br\/29\/business-speakers-confirmados\/","title":{"rendered":"Business Speakers Confirmados"},"content":{"rendered":"\t\t<div data-elementor-type=\"wp-page\" data-elementor-id=\"30482\" class=\"elementor elementor-30482\" data-elementor-post-type=\"page\">\n\t\t\t\t<div class=\"elementor-element elementor-element-c095f89 e-flex e-con-boxed e-con e-parent\" data-id=\"c095f89\" data-element_type=\"container\" data-e-type=\"container\">\n\t\t\t\t\t<div class=\"e-con-inner\">\n\t\t\t\t<div class=\"elementor-element elementor-element-e94abb3 elementor-widget elementor-widget-heading\" data-id=\"e94abb3\" data-element_type=\"widget\" data-e-type=\"widget\" data-widget_type=\"heading.default\">\n\t\t\t\t<div class=\"elementor-widget-container\">\n\t\t\t\t\t<h3 class=\"elementor-heading-title elementor-size-default\">DIA 08\/11 \u2013 QUARTA-FEIRA | 16:00 \u2013 17:30 \u2013 Hor\u00e1rio de bras\u00edlia<\/h3>\t\t\t\t<\/div>\n\t\t\t\t<\/div>\n\t\t<div class=\"elementor-element elementor-element-f129b10 e-flex e-con-boxed e-con e-parent\" data-id=\"f129b10\" data-element_type=\"container\" data-e-type=\"container\">\n\t\t\t\t\t<div class=\"e-con-inner\">\n\t\t\t\t<div class=\"elementor-element elementor-element-056210d elementor-widget elementor-widget-heading\" data-id=\"056210d\" data-element_type=\"widget\" data-e-type=\"widget\" data-widget_type=\"heading.default\">\n\t\t\t\t<div class=\"elementor-widget-container\">\n\t\t\t\t\t<h4 class=\"elementor-heading-title elementor-size-default\">Pessoas + tecnologias + sustentabilidade = foco hoje e sempre<\/h4>\t\t\t\t<\/div>\n\t\t\t\t<\/div>\n\t\t\t\t<div class=\"elementor-element elementor-element-78c7011 elementor-widget elementor-widget-image\" data-id=\"78c7011\" data-element_type=\"widget\" data-e-type=\"widget\" data-widget_type=\"image.default\">\n\t\t\t\t<div class=\"elementor-widget-container\">\n\t\t\t\t\t\t\t\t\t\t\t\t\t\t\t<img data-recalc-dims=\"1\" decoding=\"async\" src=\"https:\/\/i0.wp.com\/semead.com.br\/26\/wp-content\/uploads\/sites\/17\/2023\/10\/Pessoas-tecnologias-sustentabilidade-foco-hoje-e-sempre.png?w=1140&#038;ssl=1\" title=\"\" alt=\"\" loading=\"lazy\" \/>\t\t\t\t\t\t\t\t\t\t\t\t\t\t\t<\/div>\n\t\t\t\t<\/div>\n\t\t\t\t\t<\/div>\n\t\t\t\t<\/div>\n\t\t\t\t\t<\/div>\n\t\t\t\t<\/div>\n\t\t<div class=\"elementor-element elementor-element-409618b e-flex e-con-boxed e-con e-parent\" data-id=\"409618b\" data-element_type=\"container\" data-e-type=\"container\">\n\t\t\t\t\t<div class=\"e-con-inner\">\n\t\t\t\t<div class=\"elementor-element elementor-element-d8dc7df elementor-widget elementor-widget-heading\" data-id=\"d8dc7df\" data-element_type=\"widget\" data-e-type=\"widget\" data-widget_type=\"heading.default\">\n\t\t\t\t<div class=\"elementor-widget-container\">\n\t\t\t\t\t<h3 class=\"elementor-heading-title elementor-size-default\">DIA 09\/11 \u2013 QUINTA-FEIRA | 10:30 \u2013 12:00 \u2013 Hor\u00e1rio de bras\u00edlia<\/h3>\t\t\t\t<\/div>\n\t\t\t\t<\/div>\n\t\t<div class=\"elementor-element elementor-element-90f9e61 e-flex e-con-boxed e-con e-parent\" data-id=\"90f9e61\" data-element_type=\"container\" data-e-type=\"container\">\n\t\t\t\t\t<div class=\"e-con-inner\">\n\t\t\t\t<div class=\"elementor-element elementor-element-d66c553 elementor-widget elementor-widget-heading\" data-id=\"d66c553\" data-element_type=\"widget\" data-e-type=\"widget\" data-widget_type=\"heading.default\">\n\t\t\t\t<div class=\"elementor-widget-container\">\n\t\t\t\t\t<h4 class=\"elementor-heading-title elementor-size-default\">Klabin e Suzano: Desafios na gest\u00e3o da inova\u00e7\u00e3o e sustentabilidade\nna ind\u00fastria de Papel e Celulose<\/h4>\t\t\t\t<\/div>\n\t\t\t\t<\/div>\n\t\t\t\t<div class=\"elementor-element elementor-element-bb90ebf elementor-widget elementor-widget-image\" data-id=\"bb90ebf\" data-element_type=\"widget\" data-e-type=\"widget\" data-widget_type=\"image.default\">\n\t\t\t\t<div class=\"elementor-widget-container\">\n\t\t\t\t\t\t\t\t\t\t\t\t\t\t\t<img data-recalc-dims=\"1\" decoding=\"async\" src=\"https:\/\/i0.wp.com\/semead.com.br\/26\/wp-content\/uploads\/sites\/17\/2023\/10\/Klabin-e-Suzano-Desafios-na-gestao-da-inovacao-e-sustentabilidade-.png?w=1140&#038;ssl=1\" title=\"\" alt=\"\" loading=\"lazy\" \/>\t\t\t\t\t\t\t\t\t\t\t\t\t\t\t<\/div>\n\t\t\t\t<\/div>\n\t\t\t\t\t<\/div>\n\t\t\t\t<\/div>\n\t\t\t\t\t<\/div>\n\t\t\t\t<\/div>\n\t\t\t\t<\/div>\n\t\t","protected":false},"excerpt":{"rendered":"<p>DIA 08\/11 \u2013 QUARTA-FEIRA | 16:00 \u2013 17:30 \u2013 Hor\u00e1rio de bras\u00edlia Pessoas + tecnologias + sustentabilidade = foco hoje e sempre DIA 09\/11 \u2013 QUINTA-FEIRA | 10:30 \u2013 12:00 \u2013 Hor\u00e1rio de bras\u00edlia Klabin e Suzano: Desafios na gest\u00e3o da inova\u00e7\u00e3o e sustentabilidade na ind\u00fastria de Papel e Celulose<\/p>\n","protected":false},"author":14,"featured_media":0,"parent":0,"menu_order":0,"comment_status":"closed","ping_status":"closed","template":"","meta":{"_acf_changed":false,"tpgb_global_settings":"","inline_featured_image":false,"_monsterinsights_skip_tracking":false,"_monsterinsights_sitenote_active":false,"_monsterinsights_sitenote_note":"","_monsterinsights_sitenote_category":0,"footnotes":""},"class_list":["post-30482","page","type-page","status-publish","hentry"],"acf":{"coordenadores":null,"audio_da_coordenacao":null,"temas":null},"yoast_head":"<!-- This site is optimized with the Yoast SEO plugin v27.5 - https:\/\/yoast.com\/product\/yoast-seo-wordpress\/ -->\n<title>Business Speakers Confirmados - XXIX SemeAd<\/title>\n<meta name=\"robots\" content=\"index, follow, max-snippet:-1, max-image-preview:large, max-video-preview:-1\" \/>\n<link rel=\"canonical\" href=\"https:\/\/semead.com.br\/29\/business-speakers-confirmados\/\" \/>\n<meta property=\"og:locale\" content=\"pt_BR\" \/>\n<meta property=\"og:type\" content=\"article\" \/>\n<meta property=\"og:title\" content=\"Business Speakers Confirmados - XXIX SemeAd\" \/>\n<meta property=\"og:description\" content=\"DIA 08\/11 \u2013 QUARTA-FEIRA | 16:00 \u2013 17:30 \u2013 Hor\u00e1rio de bras\u00edlia Pessoas + tecnologias + sustentabilidade = foco hoje e sempre DIA 09\/11 \u2013 QUINTA-FEIRA | 10:30 \u2013 12:00 \u2013 Hor\u00e1rio de bras\u00edlia Klabin e Suzano: Desafios na gest\u00e3o da inova\u00e7\u00e3o e sustentabilidade na ind\u00fastria de Papel e Celulose\" \/>\n<meta property=\"og:url\" content=\"https:\/\/semead.com.br\/29\/business-speakers-confirmados\/\" \/>\n<meta property=\"og:site_name\" content=\"XXIX SemeAd\" \/>\n<meta property=\"article:modified_time\" content=\"2023-10-31T17:26:35+00:00\" \/>\n<meta property=\"og:image\" content=\"https:\/\/semead.com.br\/29-novo\/wp-content\/uploads\/sites\/21\/2023\/10\/Pessoas-tecnologias-sustentabilidade-foco-hoje-e-sempre.png\" \/>\n<meta name=\"twitter:card\" content=\"summary_large_image\" \/>\n<meta name=\"twitter:label1\" content=\"Est. tempo de leitura\" \/>\n\t<meta name=\"twitter:data1\" content=\"1 minuto\" \/>\n<script type=\"application\/ld+json\" class=\"yoast-schema-graph\">{\"@context\":\"https:\\\/\\\/schema.org\",\"@graph\":[{\"@type\":\"WebPage\",\"@id\":\"https:\\\/\\\/semead.com.br\\\/29\\\/business-speakers-confirmados\\\/\",\"url\":\"https:\\\/\\\/semead.com.br\\\/29\\\/business-speakers-confirmados\\\/\",\"name\":\"Business Speakers Confirmados - XXIX SemeAd\",\"isPartOf\":{\"@id\":\"https:\\\/\\\/semead.com.br\\\/29\\\/#website\"},\"primaryImageOfPage\":{\"@id\":\"https:\\\/\\\/semead.com.br\\\/29\\\/business-speakers-confirmados\\\/#primaryimage\"},\"image\":{\"@id\":\"https:\\\/\\\/semead.com.br\\\/29\\\/business-speakers-confirmados\\\/#primaryimage\"},\"thumbnailUrl\":\"https:\\\/\\\/semead.com.br\\\/29-novo\\\/wp-content\\\/uploads\\\/sites\\\/21\\\/2023\\\/10\\\/Pessoas-tecnologias-sustentabilidade-foco-hoje-e-sempre.png\",\"datePublished\":\"2023-10-31T17:22:43+00:00\",\"dateModified\":\"2023-10-31T17:26:35+00:00\",\"breadcrumb\":{\"@id\":\"https:\\\/\\\/semead.com.br\\\/29\\\/business-speakers-confirmados\\\/#breadcrumb\"},\"inLanguage\":\"pt-BR\",\"potentialAction\":[{\"@type\":\"ReadAction\",\"target\":[\"https:\\\/\\\/semead.com.br\\\/29\\\/business-speakers-confirmados\\\/\"]}]},{\"@type\":\"ImageObject\",\"inLanguage\":\"pt-BR\",\"@id\":\"https:\\\/\\\/semead.com.br\\\/29\\\/business-speakers-confirmados\\\/#primaryimage\",\"url\":\"https:\\\/\\\/semead.com.br\\\/29-novo\\\/wp-content\\\/uploads\\\/sites\\\/21\\\/2023\\\/10\\\/Pessoas-tecnologias-sustentabilidade-foco-hoje-e-sempre.png\",\"contentUrl\":\"https:\\\/\\\/semead.com.br\\\/29-novo\\\/wp-content\\\/uploads\\\/sites\\\/21\\\/2023\\\/10\\\/Pessoas-tecnologias-sustentabilidade-foco-hoje-e-sempre.png\"},{\"@type\":\"BreadcrumbList\",\"@id\":\"https:\\\/\\\/semead.com.br\\\/29\\\/business-speakers-confirmados\\\/#breadcrumb\",\"itemListElement\":[{\"@type\":\"ListItem\",\"position\":1,\"name\":\"In\u00edcio\",\"item\":\"https:\\\/\\\/semead.com.br\\\/29\\\/\"},{\"@type\":\"ListItem\",\"position\":2,\"name\":\"Business Speakers Confirmados\"}]},{\"@type\":\"WebSite\",\"@id\":\"https:\\\/\\\/semead.com.br\\\/29\\\/#website\",\"url\":\"https:\\\/\\\/semead.com.br\\\/29\\\/\",\"name\":\"XXIX SemeAd\",\"description\":\"Semin\u00e1rios em administra\u00e7\u00e3o\",\"potentialAction\":[{\"@type\":\"SearchAction\",\"target\":{\"@type\":\"EntryPoint\",\"urlTemplate\":\"https:\\\/\\\/semead.com.br\\\/29\\\/?s={search_term_string}\"},\"query-input\":{\"@type\":\"PropertyValueSpecification\",\"valueRequired\":true,\"valueName\":\"search_term_string\"}}],\"inLanguage\":\"pt-BR\"}]}<\/script>\n<!-- \/ Yoast SEO plugin. -->","yoast_head_json":{"title":"Business Speakers Confirmados - XXIX SemeAd","robots":{"index":"index","follow":"follow","max-snippet":"max-snippet:-1","max-image-preview":"max-image-preview:large","max-video-preview":"max-video-preview:-1"},"canonical":"https:\/\/semead.com.br\/29\/business-speakers-confirmados\/","og_locale":"pt_BR","og_type":"article","og_title":"Business Speakers Confirmados - XXIX SemeAd","og_description":"DIA 08\/11 \u2013 QUARTA-FEIRA | 16:00 \u2013 17:30 \u2013 Hor\u00e1rio de bras\u00edlia Pessoas + tecnologias + sustentabilidade = foco hoje e sempre DIA 09\/11 \u2013 QUINTA-FEIRA | 10:30 \u2013 12:00 \u2013 Hor\u00e1rio de bras\u00edlia Klabin e Suzano: Desafios na gest\u00e3o da inova\u00e7\u00e3o e sustentabilidade na ind\u00fastria de Papel e Celulose","og_url":"https:\/\/semead.com.br\/29\/business-speakers-confirmados\/","og_site_name":"XXIX SemeAd","article_modified_time":"2023-10-31T17:26:35+00:00","og_image":[{"url":"https:\/\/semead.com.br\/29-novo\/wp-content\/uploads\/sites\/21\/2023\/10\/Pessoas-tecnologias-sustentabilidade-foco-hoje-e-sempre.png","type":"","width":"","height":""}],"twitter_card":"summary_large_image","twitter_misc":{"Est. tempo de leitura":"1 minuto"},"schema":{"@context":"https:\/\/schema.org","@graph":[{"@type":"WebPage","@id":"https:\/\/semead.com.br\/29\/business-speakers-confirmados\/","url":"https:\/\/semead.com.br\/29\/business-speakers-confirmados\/","name":"Business Speakers Confirmados - XXIX SemeAd","isPartOf":{"@id":"https:\/\/semead.com.br\/29\/#website"},"primaryImageOfPage":{"@id":"https:\/\/semead.com.br\/29\/business-speakers-confirmados\/#primaryimage"},"image":{"@id":"https:\/\/semead.com.br\/29\/business-speakers-confirmados\/#primaryimage"},"thumbnailUrl":"https:\/\/semead.com.br\/29-novo\/wp-content\/uploads\/sites\/21\/2023\/10\/Pessoas-tecnologias-sustentabilidade-foco-hoje-e-sempre.png","datePublished":"2023-10-31T17:22:43+00:00","dateModified":"2023-10-31T17:26:35+00:00","breadcrumb":{"@id":"https:\/\/semead.com.br\/29\/business-speakers-confirmados\/#breadcrumb"},"inLanguage":"pt-BR","potentialAction":[{"@type":"ReadAction","target":["https:\/\/semead.com.br\/29\/business-speakers-confirmados\/"]}]},{"@type":"ImageObject","inLanguage":"pt-BR","@id":"https:\/\/semead.com.br\/29\/business-speakers-confirmados\/#primaryimage","url":"https:\/\/semead.com.br\/29-novo\/wp-content\/uploads\/sites\/21\/2023\/10\/Pessoas-tecnologias-sustentabilidade-foco-hoje-e-sempre.png","contentUrl":"https:\/\/semead.com.br\/29-novo\/wp-content\/uploads\/sites\/21\/2023\/10\/Pessoas-tecnologias-sustentabilidade-foco-hoje-e-sempre.png"},{"@type":"BreadcrumbList","@id":"https:\/\/semead.com.br\/29\/business-speakers-confirmados\/#breadcrumb","itemListElement":[{"@type":"ListItem","position":1,"name":"In\u00edcio","item":"https:\/\/semead.com.br\/29\/"},{"@type":"ListItem","position":2,"name":"Business Speakers Confirmados"}]},{"@type":"WebSite","@id":"https:\/\/semead.com.br\/29\/#website","url":"https:\/\/semead.com.br\/29\/","name":"XXIX SemeAd","description":"Semin\u00e1rios em administra\u00e7\u00e3o","potentialAction":[{"@type":"SearchAction","target":{"@type":"EntryPoint","urlTemplate":"https:\/\/semead.com.br\/29\/?s={search_term_string}"},"query-input":{"@type":"PropertyValueSpecification","valueRequired":true,"valueName":"search_term_string"}}],"inLanguage":"pt-BR"}]}},"tpgb_featured_images":null,"tpgb_post_meta_info":{"get_date":"31 de outubro de 2023","get_modified_date":"31 de outubro de 2023","author_name":"","author_url":"https:\/\/semead.com.br\/29\/author\/","author_email":"","author_website":"","author_description":"","author_facebook":"","author_twitter":"","author_instagram":"","author_role":"","author_firstname":"","author_lastname":"","user_login":"","author_avatar":"<img alt='' src='https:\/\/secure.gravatar.com\/avatar\/?s=200&#038;d=mm&#038;r=g' srcset='https:\/\/secure.gravatar.com\/avatar\/?s=400&#038;d=mm&#038;r=g 2x' class='avatar avatar-200 photo avatar-default' height='200' width='200' decoding='async'\/>","author_avatar_url":"https:\/\/secure.gravatar.com\/avatar\/?s=96&d=mm&r=g","comment_count":0,"post_likes":0,"post_views":0},"tpgb_post_category":[],"jetpack_sharing_enabled":true,"_links":{"self":[{"href":"https:\/\/semead.com.br\/29\/wp-json\/wp\/v2\/pages\/30482","targetHints":{"allow":["GET"]}}],"collection":[{"href":"https:\/\/semead.com.br\/29\/wp-json\/wp\/v2\/pages"}],"about":[{"href":"https:\/\/semead.com.br\/29\/wp-json\/wp\/v2\/types\/page"}],"author":[{"embeddable":true,"href":"https:\/\/semead.com.br\/29\/wp-json\/wp\/v2\/users\/14"}],"replies":[{"embeddable":true,"href":"https:\/\/semead.com.br\/29\/wp-json\/wp\/v2\/comments?post=30482"}],"version-history":[{"count":0,"href":"https:\/\/semead.com.br\/29\/wp-json\/wp\/v2\/pages\/30482\/revisions"}],"wp:attachment":[{"href":"https:\/\/semead.com.br\/29\/wp-json\/wp\/v2\/media?parent=30482"}],"curies":[{"name":"wp","href":"https:\/\/api.w.org\/{rel}","templated":true}]}}