{"id":33285,"date":"2025-05-14T22:31:47","date_gmt":"2025-05-15T01:31:47","guid":{"rendered":"https:\/\/semead.com.br\/29-novo\/?page_id=33285"},"modified":"2026-04-26T09:03:30","modified_gmt":"2026-04-26T12:03:30","slug":"consorcio-pre-doutoral-2","status":"publish","type":"page","link":"https:\/\/semead.com.br\/29\/consorcio-pre-doutoral-2\/","title":{"rendered":"Cons\u00f3rcio Pr\u00e9-Doutoral\/Mestral"},"content":{"rendered":"\n<p><\/p>\n\n\n\n<p>Caros participantes,<\/p>\n\n\n\n<p>Neste ano teremos a 9\u00aa. edi\u00e7\u00e3o do Semin\u00e1rio de Prepara\u00e7\u00e3o para Processos Seletivos, mas com novidades: receberemos projetos de candidatos ao Doutorado e ao Mestrado!<\/p>\n\n\n\n<p>Graduados que estejam planejando realizar o mestrado ou mestres\/mestrandos em fase de conclus\u00e3o do curso e planejando prestar o doutorado ter\u00e3o a oportunidade de submeter seus pr\u00e9-projetos de disserta\u00e7\u00e3o\/tese a fim de receber sugest\u00f5es e contribui\u00e7\u00f5es de docentes de Programas de P\u00f3s-Gradua\u00e7\u00e3o parceiros do SemeAd.<\/p>\n\n\n\n<p>Os autores dos projetos selecionados ter\u00e3o uma sess\u00e3o individual de coaching com o docente que avaliou o projeto, durante a qual receber\u00e1 dicas de aperfei\u00e7oamento do projeto.<\/p>\n\n\n\n<p>N\u00e3o deixe de submeter seus projetos ao Semin\u00e1rio de Prepara\u00e7\u00e3o para Processos Seletivos: Mestrado e Doutorado \u2013 Edi\u00e7\u00e3o 2026<\/p>\n","protected":false},"excerpt":{"rendered":"<p>Caros participantes, Neste ano teremos a 9\u00aa. edi\u00e7\u00e3o do Semin\u00e1rio de Prepara\u00e7\u00e3o para Processos Seletivos, mas com novidades: receberemos projetos de candidatos ao Doutorado e ao Mestrado! Graduados que estejam planejando realizar o mestrado ou mestres\/mestrandos em fase de conclus\u00e3o do curso e planejando prestar o doutorado ter\u00e3o a oportunidade de submeter seus pr\u00e9-projetos de [&hellip;]<\/p>\n","protected":false},"author":17,"featured_media":0,"parent":0,"menu_order":0,"comment_status":"closed","ping_status":"closed","template":"","meta":{"_acf_changed":false,"tpgb_global_settings":"","inline_featured_image":false,"_monsterinsights_skip_tracking":false,"_monsterinsights_sitenote_active":false,"_monsterinsights_sitenote_note":"","_monsterinsights_sitenote_category":0,"footnotes":""},"class_list":["post-33285","page","type-page","status-publish","hentry"],"acf":{"coordenadores":[{"titulo":"Coordenador:","nome":"Prof. Dr. Celso Machado","instituicao":"USCS","imagem":31183},{"titulo":"Coordenadora:","nome":"Profa. Dra. Daielly Melina Nassif Mantovani","instituicao":"FEA-USP","imagem":31185}],"audio_da_coordenacao":"","temas":null},"yoast_head":"<!-- This site is optimized with the Yoast SEO plugin v27.5 - https:\/\/yoast.com\/product\/yoast-seo-wordpress\/ -->\n<title>Cons\u00f3rcio Pr\u00e9-Doutoral\/Mestral - XXIX SemeAd<\/title>\n<meta name=\"robots\" content=\"index, follow, max-snippet:-1, max-image-preview:large, max-video-preview:-1\" \/>\n<link rel=\"canonical\" href=\"https:\/\/semead.com.br\/29\/consorcio-pre-doutoral-2\/\" \/>\n<meta property=\"og:locale\" content=\"pt_BR\" \/>\n<meta property=\"og:type\" content=\"article\" \/>\n<meta property=\"og:title\" content=\"Cons\u00f3rcio Pr\u00e9-Doutoral\/Mestral - XXIX SemeAd\" \/>\n<meta property=\"og:description\" content=\"Caros participantes, Neste ano teremos a 9\u00aa. edi\u00e7\u00e3o do Semin\u00e1rio de Prepara\u00e7\u00e3o para Processos Seletivos, mas com novidades: receberemos projetos de candidatos ao Doutorado e ao Mestrado! Graduados que estejam planejando realizar o mestrado ou mestres\/mestrandos em fase de conclus\u00e3o do curso e planejando prestar o doutorado ter\u00e3o a oportunidade de submeter seus pr\u00e9-projetos de [&hellip;]\" \/>\n<meta property=\"og:url\" content=\"https:\/\/semead.com.br\/29\/consorcio-pre-doutoral-2\/\" \/>\n<meta property=\"og:site_name\" content=\"XXIX SemeAd\" \/>\n<meta property=\"article:modified_time\" content=\"2026-04-26T12:03:30+00:00\" \/>\n<meta name=\"twitter:card\" content=\"summary_large_image\" \/>\n<meta name=\"twitter:label1\" content=\"Est. tempo de leitura\" \/>\n\t<meta name=\"twitter:data1\" content=\"1 minuto\" \/>\n<script type=\"application\/ld+json\" class=\"yoast-schema-graph\">{\"@context\":\"https:\\\/\\\/schema.org\",\"@graph\":[{\"@type\":\"WebPage\",\"@id\":\"https:\\\/\\\/semead.com.br\\\/29\\\/consorcio-pre-doutoral-2\\\/\",\"url\":\"https:\\\/\\\/semead.com.br\\\/29\\\/consorcio-pre-doutoral-2\\\/\",\"name\":\"Cons\u00f3rcio Pr\u00e9-Doutoral\\\/Mestral - XXIX SemeAd\",\"isPartOf\":{\"@id\":\"https:\\\/\\\/semead.com.br\\\/29\\\/#website\"},\"datePublished\":\"2025-05-15T01:31:47+00:00\",\"dateModified\":\"2026-04-26T12:03:30+00:00\",\"breadcrumb\":{\"@id\":\"https:\\\/\\\/semead.com.br\\\/29\\\/consorcio-pre-doutoral-2\\\/#breadcrumb\"},\"inLanguage\":\"pt-BR\",\"potentialAction\":[{\"@type\":\"ReadAction\",\"target\":[\"https:\\\/\\\/semead.com.br\\\/29\\\/consorcio-pre-doutoral-2\\\/\"]}]},{\"@type\":\"BreadcrumbList\",\"@id\":\"https:\\\/\\\/semead.com.br\\\/29\\\/consorcio-pre-doutoral-2\\\/#breadcrumb\",\"itemListElement\":[{\"@type\":\"ListItem\",\"position\":1,\"name\":\"In\u00edcio\",\"item\":\"https:\\\/\\\/semead.com.br\\\/29\\\/\"},{\"@type\":\"ListItem\",\"position\":2,\"name\":\"Cons\u00f3rcio Pr\u00e9-Doutoral\\\/Mestral\"}]},{\"@type\":\"WebSite\",\"@id\":\"https:\\\/\\\/semead.com.br\\\/29\\\/#website\",\"url\":\"https:\\\/\\\/semead.com.br\\\/29\\\/\",\"name\":\"XXIX SemeAd\",\"description\":\"Semin\u00e1rios em administra\u00e7\u00e3o\",\"potentialAction\":[{\"@type\":\"SearchAction\",\"target\":{\"@type\":\"EntryPoint\",\"urlTemplate\":\"https:\\\/\\\/semead.com.br\\\/29\\\/?s={search_term_string}\"},\"query-input\":{\"@type\":\"PropertyValueSpecification\",\"valueRequired\":true,\"valueName\":\"search_term_string\"}}],\"inLanguage\":\"pt-BR\"}]}<\/script>\n<!-- \/ Yoast SEO plugin. -->","yoast_head_json":{"title":"Cons\u00f3rcio Pr\u00e9-Doutoral\/Mestral - XXIX SemeAd","robots":{"index":"index","follow":"follow","max-snippet":"max-snippet:-1","max-image-preview":"max-image-preview:large","max-video-preview":"max-video-preview:-1"},"canonical":"https:\/\/semead.com.br\/29\/consorcio-pre-doutoral-2\/","og_locale":"pt_BR","og_type":"article","og_title":"Cons\u00f3rcio Pr\u00e9-Doutoral\/Mestral - XXIX SemeAd","og_description":"Caros participantes, Neste ano teremos a 9\u00aa. edi\u00e7\u00e3o do Semin\u00e1rio de Prepara\u00e7\u00e3o para Processos Seletivos, mas com novidades: receberemos projetos de candidatos ao Doutorado e ao Mestrado! Graduados que estejam planejando realizar o mestrado ou mestres\/mestrandos em fase de conclus\u00e3o do curso e planejando prestar o doutorado ter\u00e3o a oportunidade de submeter seus pr\u00e9-projetos de [&hellip;]","og_url":"https:\/\/semead.com.br\/29\/consorcio-pre-doutoral-2\/","og_site_name":"XXIX SemeAd","article_modified_time":"2026-04-26T12:03:30+00:00","twitter_card":"summary_large_image","twitter_misc":{"Est. tempo de leitura":"1 minuto"},"schema":{"@context":"https:\/\/schema.org","@graph":[{"@type":"WebPage","@id":"https:\/\/semead.com.br\/29\/consorcio-pre-doutoral-2\/","url":"https:\/\/semead.com.br\/29\/consorcio-pre-doutoral-2\/","name":"Cons\u00f3rcio Pr\u00e9-Doutoral\/Mestral - XXIX SemeAd","isPartOf":{"@id":"https:\/\/semead.com.br\/29\/#website"},"datePublished":"2025-05-15T01:31:47+00:00","dateModified":"2026-04-26T12:03:30+00:00","breadcrumb":{"@id":"https:\/\/semead.com.br\/29\/consorcio-pre-doutoral-2\/#breadcrumb"},"inLanguage":"pt-BR","potentialAction":[{"@type":"ReadAction","target":["https:\/\/semead.com.br\/29\/consorcio-pre-doutoral-2\/"]}]},{"@type":"BreadcrumbList","@id":"https:\/\/semead.com.br\/29\/consorcio-pre-doutoral-2\/#breadcrumb","itemListElement":[{"@type":"ListItem","position":1,"name":"In\u00edcio","item":"https:\/\/semead.com.br\/29\/"},{"@type":"ListItem","position":2,"name":"Cons\u00f3rcio Pr\u00e9-Doutoral\/Mestral"}]},{"@type":"WebSite","@id":"https:\/\/semead.com.br\/29\/#website","url":"https:\/\/semead.com.br\/29\/","name":"XXIX SemeAd","description":"Semin\u00e1rios em administra\u00e7\u00e3o","potentialAction":[{"@type":"SearchAction","target":{"@type":"EntryPoint","urlTemplate":"https:\/\/semead.com.br\/29\/?s={search_term_string}"},"query-input":{"@type":"PropertyValueSpecification","valueRequired":true,"valueName":"search_term_string"}}],"inLanguage":"pt-BR"}]}},"tpgb_featured_images":null,"tpgb_post_meta_info":{"get_date":"14 de maio de 2025","get_modified_date":"26 de abril de 2026","author_name":"augustocpcornelio","author_url":"https:\/\/semead.com.br\/29\/author\/augustocpcornelio\/","author_email":"augustocpcornelio@usp.br","author_website":"","author_description":"","author_facebook":"","author_twitter":"","author_instagram":"","author_role":[],"author_firstname":"","author_lastname":"","user_login":"augustocpcornelio","author_avatar":"<img alt='' src='https:\/\/secure.gravatar.com\/avatar\/c4a3d4e0de108efa0b63cfcbd087599b45051eece9b3676257f1e0939cab789e?s=200&#038;d=mm&#038;r=g' srcset='https:\/\/secure.gravatar.com\/avatar\/c4a3d4e0de108efa0b63cfcbd087599b45051eece9b3676257f1e0939cab789e?s=400&#038;d=mm&#038;r=g 2x' class='avatar avatar-200 photo' height='200' width='200' decoding='async'\/>","author_avatar_url":"https:\/\/secure.gravatar.com\/avatar\/c4a3d4e0de108efa0b63cfcbd087599b45051eece9b3676257f1e0939cab789e?s=96&d=mm&r=g","comment_count":0,"post_likes":0,"post_views":0},"tpgb_post_category":[],"jetpack_sharing_enabled":true,"_links":{"self":[{"href":"https:\/\/semead.com.br\/29\/wp-json\/wp\/v2\/pages\/33285","targetHints":{"allow":["GET"]}}],"collection":[{"href":"https:\/\/semead.com.br\/29\/wp-json\/wp\/v2\/pages"}],"about":[{"href":"https:\/\/semead.com.br\/29\/wp-json\/wp\/v2\/types\/page"}],"author":[{"embeddable":true,"href":"https:\/\/semead.com.br\/29\/wp-json\/wp\/v2\/users\/17"}],"replies":[{"embeddable":true,"href":"https:\/\/semead.com.br\/29\/wp-json\/wp\/v2\/comments?post=33285"}],"version-history":[{"count":3,"href":"https:\/\/semead.com.br\/29\/wp-json\/wp\/v2\/pages\/33285\/revisions"}],"predecessor-version":[{"id":35281,"href":"https:\/\/semead.com.br\/29\/wp-json\/wp\/v2\/pages\/33285\/revisions\/35281"}],"wp:attachment":[{"href":"https:\/\/semead.com.br\/29\/wp-json\/wp\/v2\/media?parent=33285"}],"curies":[{"name":"wp","href":"https:\/\/api.w.org\/{rel}","templated":true}]}}

Consórcio Pré-Doutoral/Mestral

<p></p>



<p>Caros participantes,</p>



<p>Neste ano teremos a 9ª. edição do Seminário de Preparação para Processos Seletivos, mas com novidades: receberemos projetos de candidatos ao Doutorado e ao Mestrado!</p>



<p>Graduados que estejam planejando realizar o mestrado ou mestres/mestrandos em fase de conclusão do curso e planejando prestar o doutorado terão a oportunidade de submeter seus pré-projetos de dissertação/tese a fim de receber sugestões e contribuições de docentes de Programas de Pós-Graduação parceiros do SemeAd.</p>



<p>Os autores dos projetos selecionados terão uma sessão individual de coaching com o docente que avaliou o projeto, durante a qual receberá dicas de aperfeiçoamento do projeto.</p>



<p>Não deixe de submeter seus projetos ao Seminário de Preparação para Processos Seletivos: Mestrado e Doutorado – Edição 2026</p>

<p>Caros participantes, Neste ano teremos a 9ª. edição do Seminário de Preparação para Processos Seletivos, mas com novidades: receberemos projetos de candidatos ao Doutorado e ao Mestrado! Graduados que estejam planejando realizar o mestrado ou mestres/mestrandos em fase de conclusão do curso e planejando prestar o doutorado terão a oportunidade de submeter seus pré-projetos de [&hellip;]</p>

<!-- This site is optimized with the Yoast SEO plugin v27.5 - https://yoast.com/product/yoast-seo-wordpress/ -->
<title>Consórcio Pré-Doutoral/Mestral - XXIX SemeAd</title>
<meta name="robots" content="index, follow, max-snippet:-1, max-image-preview:large, max-video-preview:-1" />
<link rel="canonical" href="https://semead.com.br/29/consorcio-pre-doutoral-2/" />
<meta property="og:locale" content="pt_BR" />
<meta property="og:type" content="article" />
<meta property="og:title" content="Consórcio Pré-Doutoral/Mestral - XXIX SemeAd" />
<meta property="og:description" content="Caros participantes, Neste ano teremos a 9ª. edição do Seminário de Preparação para Processos Seletivos, mas com novidades: receberemos projetos de candidatos ao Doutorado e ao Mestrado! Graduados que estejam planejando realizar o mestrado ou mestres/mestrandos em fase de conclusão do curso e planejando prestar o doutorado terão a oportunidade de submeter seus pré-projetos de [&hellip;]" />
<meta property="og:url" content="https://semead.com.br/29/consorcio-pre-doutoral-2/" />
<meta property="og:site_name" content="XXIX SemeAd" />
<meta property="article:modified_time" content="2026-04-26T12:03:30+00:00" />
<meta name="twitter:card" content="summary_large_image" />
<meta name="twitter:label1" content="Est. tempo de leitura" />
	<meta name="twitter:data1" content="1 minuto" />
<script type="application/ld+json" class="yoast-schema-graph">{"@context":"https:\/\/schema.org","@graph":[{"@type":"WebPage","@id":"https:\/\/semead.com.br\/29\/consorcio-pre-doutoral-2\/","url":"https:\/\/semead.com.br\/29\/consorcio-pre-doutoral-2\/","name":"Consórcio Pré-Doutoral\/Mestral - XXIX SemeAd","isPartOf":{"@id":"https:\/\/semead.com.br\/29\/#website"},"datePublished":"2025-05-15T01:31:47+00:00","dateModified":"2026-04-26T12:03:30+00:00","breadcrumb":{"@id":"https:\/\/semead.com.br\/29\/consorcio-pre-doutoral-2\/#breadcrumb"},"inLanguage":"pt-BR","potentialAction":[{"@type":"ReadAction","target":["https:\/\/semead.com.br\/29\/consorcio-pre-doutoral-2\/"]}]},{"@type":"BreadcrumbList","@id":"https:\/\/semead.com.br\/29\/consorcio-pre-doutoral-2\/#breadcrumb","itemListElement":[{"@type":"ListItem","position":1,"name":"Início","item":"https:\/\/semead.com.br\/29\/"},{"@type":"ListItem","position":2,"name":"Consórcio Pré-Doutoral\/Mestral"}]},{"@type":"WebSite","@id":"https:\/\/semead.com.br\/29\/#website","url":"https:\/\/semead.com.br\/29\/","name":"XXIX SemeAd","description":"Seminários em administração","potentialAction":[{"@type":"SearchAction","target":{"@type":"EntryPoint","urlTemplate":"https:\/\/semead.com.br\/29\/?s={search_term_string}"},"query-input":{"@type":"PropertyValueSpecification","valueRequired":true,"valueName":"search_term_string"}}],"inLanguage":"pt-BR"}]}</script>
<!-- / Yoast SEO plugin. -->

Consórcio Pré-Doutoral/Mestral - XXIX SemeAd

Caros participantes, Neste ano teremos a 9ª. edição do Seminário de Preparação para Processos Seletivos, mas com novidades: receberemos projetos de candidatos ao Doutorado e ao Mestrado! Graduados que estejam planejando realizar o mestrado ou mestres/mestrandos em fase de conclusão do curso e planejando prestar o doutorado terão a oportunidade de submeter seus pré-projetos de [&hellip;]

Início

Seminários em administração
